nd 28.
28
Let o(q) = 40*q - 185. Let r be o(7). Let f = -50 + r. Calculate the greatest common divisor of f and 105.
15
Let g = -31 + 81. Let p = 47 - g. Let t = 32 - p. What is the greatest common factor of t and 70?
35
Let v = -489 + 531. Calculate the highest common divisor of 2198 and v.
14
Suppose -6*v + 97 = 67. Let o be (v - (-9)/((-36)/16))*1. Calculate the highest common factor of 4 and o.
1
Let d(b) = b**2 + 3*b + 15. Suppose 3*z - 3*q = -0*z - 6, 4*z + 2*q - 4 = 0. Let x be d(z). What is the highest common factor of 6 and x?
3
Let x(q) = -q**2 + 8*q + 3. Let g be x(8). Let p be ((-22)/6)/(g/(-18)). Let m be 2 - (7 + -9 + -7). What is the highest common divisor of p and m?
11
Let x(i) = 0*i - 6*i**2 + 3*i + 2*i**2 - 7 - i**3. Let z be x(-5). Suppose -z*g - g + 60 = 0. What is the greatest common factor of g and 135?
15
Suppose -n + 2*p + 164 = 0, 98*n - 100*n = 3*p - 370. Calculate the highest common divisor of n and 184.
8
Suppose 1 = -83*o + 84*o. Let n be (o*5)/(105/(-60) + 3). Calculate the highest common divisor of 118 and n.
2
Suppose 0 = -7*n + 24*n - 153. Let s(b) = n*b + b - 16 + 10*b. Let a be s(5). What is the greatest common divisor of 56 and a?
28
Let u be 2 + (457 - -3)/2. Suppose 2*o + 6*i - 29 = o, 4*i = 3*o - 87. What is the highest common divisor of o and u?
29
Let i be (-66 - 339)*(6/9)/(-1). Calculate the highest common divisor of i and 1800.
90
Let c = -242 - -242. Suppose n + c*n = 11. Let j = 18 + 26. What is the greatest common divisor of n and j?
11
Suppose -292*a + 309*a = 2142. What is the highest common factor of 728 and a?
14
Let l be (-90)/(-6) + 5/(-1 + 0). Let n(p) = -32*p - 58. Let y be n(-4). What is the highest common factor of l and y?
10
Suppose -40*z - 5296 - 24314 = -103*z. Calculate the highest common factor of z and 752.
94
Suppose -5*q + z - 3806 = 0, -5*q = z - 0*z + 3804. Let u = 781 + q. What is the greatest common factor of 1180 and u?
20
Let o(p) = 5*p**3 + 267*p**2 + 108*p + 178. Let m be o(-53). What is the greatest common factor of 888 and m?
24
Let v = -12 + 18. Suppose -162 = -46*o + 22. Let d = v + o. What is the highest common divisor of d and 50?
10
Suppose -2*j + 2*d + 232 = 0, 0 = 5*j + 5*d - d - 607. Suppose 6*l + j - 467 = 0. Suppose 2*k + 2 = l. Calculate the highest common factor of 14 and k.
14
Let k(t) = -9*t**3 - 1 + 7 + 6*t**2 - 7*t**2 - 2 + 8*t + 3*t**3. Let s be k(-2). Let f = -49 + 81. Calculate the highest common divisor of s and f.
32
Let q be (-14)/49 + (3 + 1 - 70680/(-28)). Calculate the greatest common factor of q and 2844.
316
Suppose 0 = 167*h - 162*h - 10. Let d be (2/h - 4)/(1/(-8)). Calculate the greatest common divisor of 168 and d.
24
Let d be ((-240)/150)/((-1)/10). Let a(z) = -7*z - 14. Let k be a(-18). Calculate the highest common factor of d and k.
16
Let t be 6 - (2 - (3 + -1)). Suppose 26 = 5*z + t. Suppose 4*d + 42 + z = 2*k, 24 = k - 3*d. Calculate the highest common factor of k and 168.
21
Suppose q - 18 = 18. Suppose 2*w - q = 26. Suppose -3*n + w = -41. What is the greatest common factor of 36 and n?
12
Let j = 843 + -793. What is the highest common factor of 14150 and j?
50
Let l = 189 + -188. Let g = -20 - -3. Let k = -9 - g. Calculate the highest common factor of k and l.
1
Suppose 0 = -5*i - 5*f + 190, -3*i + 6*f = 3*f - 126. Suppose 5*c = -18*c + 2024. Calculate the highest common divisor of i and c.
8
Let d = -195 - -197. Suppose -2*r = d*n - 6, -3*r - 19 + 22 = 2*n. What is the greatest common divisor of n and 39?
3
Let o = -3813 + 3945. What is the greatest common factor of o and 2838?
66
Let u(s) = -2*s**3 + 64*s**2 + 68*s - 57. Let m be u(33). Let k = -88 - -151. Calculate the highest common divisor of m and k.
9
Let f = -2487 + 2516. Calculate the greatest common divisor of f and 58.
29
Let l = -19778 + 35877. What is the greatest common factor of 17 and l?
17
Suppose -5*g = r + 3129, 15*g = 16*g + 4*r + 641. Let o = 786 + g. Calculate the greatest common factor of 14 and o.
7
Suppose -3*j + 5*j + 14 = 0. Suppose 3*n + 27 = q, 12 = -q + 5*q. Let m = j - n. Calculate the highest common factor of m and 5.
1
Let t be 1 + (22/4)/((-1)/34). Let z = -36 - t. Calculate the highest common factor of 400 and z.
50
Let b(r) = -r**2 + 7*r - 3. Let t be b(5). Suppose -43 = t*y + 62. Let q be y/((-5)/(80/12)). Calculate the highest common factor of 8 and q.
4
Suppose 0 = -5*f + m + 20, f = -10*m + 11*m. Suppose 3*v - v = -3*r + 153, -f*r - 4*v + 255 = 0. Calculate the greatest common divisor of 68 and r.
17
Let o(x) be the third derivative of -x**4/24 + 7*x**3/3 + 12*x**2 - 3. Let w be o(4). Suppose -133 = -2*k + 27. What is the highest common factor of w and k?
10
Let h(y) = 31*y**2 + 76*y - 7. Let b be h(-3). Let f(a) = -3*a**3 + 3*a**2 - 8*a - 6. Let s be f(-5). Calculate the highest common factor of b and s.
44
Suppose -12*x = -9*x - 63. Let z(h) = 7*h - 32. Let g be z(5). Let o be g/9 + 1208/12 + 4. Calculate the greatest common divisor of x and o.
21
Let f(j) = j**2 - 3*j + 14. Let i be f(6). Let o = 94 + 54. Let v = i + o. Calculate the greatest common divisor of 20 and v.
20
Suppose i = 73 - 33. Let b be 0/(-1) - i/(-4). Calculate the highest common factor of 10 and b.
10
Let j(w) = -22*w - 57. Let m be j(-4). Let k be (-170)/(-4) - m/62. Calculate the greatest common factor of 336 and k.
42
Suppose 180 = -63*c + 67*c. Let r = 289 + -163. Calculate the highest common divisor of r and c.
9
Let h = -5545 + 5554. Calculate the highest common factor of 114 and h.
3
Suppose -3*u - 7 = 2. Let b be (-546)/(-48) - u/(-8). Calculate the highest common factor of 297 and b.
11
Suppose 211244 = 44*o + 7392. What is the highest common factor of 113 and o?
113
Let g be (-18)/24*6/9*0. Suppose -15*p = -g*p - 360. Suppose 2*l + 8 = 5*f, 2*f + 5 = 4*f + l. Calculate the greatest common factor of f and p.
2
Let f(u) = 0*u**2 - 4*u**2 - 2 - 124*u + 63*u. Let q be f(-15). What is the greatest common divisor of 143 and q?
13
Suppose m + 960 = 2*m. Let y(s) = 21*s + 429. Let b be y(-19). Calculate the greatest common divisor of b and m.
30
Let j be (39/(-130)*-25)/(-3 + 225/70). What is the highest common factor of j and 2198?
7
Suppose 5*o = -2*y + 21 - 11, -2*y = 0. Suppose -5*x + 60 = -f, -4*x - o*f - f = -48. What is the greatest common factor of x and 384?
12
Suppose 729*f - 728*f = 5, 4*i - 5*f = 1431. What is the greatest common factor of 2002 and i?
182
Let k be (12/(-21) - 102/(-105))*5. Let q be 1/(((-1)/2)/(-1)). Suppose 5*a + r - 11 = q*a, 4*a - 2*r = -2. What is the greatest common divisor of k and a?
2
Let r(v) = v**3 - 21*v**2 - 20*v + 152. Let p be r(29). Calculate the greatest common divisor of 60 and p.
60
Suppose -96*y + 97*y = -5*q + 679, -2*y = 5*q - 683. What is the greatest common factor of q and 2385?
45
Suppose -4*l - 1012 = -6*l. Let w = 81721 - 81699. Calculate the greatest common factor of l and w.
22
Let a = -144 + 244. Let s = a + -82. Calculate the greatest common factor of 12 and s.
6
Suppose 5*a - j = 8820, -2*a - 5*j - 1281 = -4836. Suppose 0 = -5*i - 3*r + 1741, 0 = -22*i + 27*i - 5*r - a. What is the highest common factor of 7 and i?
7
Let v be (26 + 2)/((-10)/(-105)). Let i = v - 154. Calculate the highest common divisor of 60 and i.
20
Suppose 3*t - 9 = 0, -2560 = 5*o - 4*t - t. Let y = o - -684. What is the greatest common factor of y and 35?
35
Suppose -85*t + 29514 = -729281. Calculate the highest common factor of 237 and t.
79
Suppose -4*l = -2*r + 20, -4*r - 4 - 4 = 4*l. Let c be 10/(l + 178/44). Suppose c = 3*d - 65. What is the highest common divisor of 38 and d?
19
Suppose 280 - 211 = t. Let i be (-1 + 0 + 4)*(-46)/t. Let m be 12 + 3 - i*9/6. What is the greatest common factor of 81 and m?
9
Suppose -12*q - 5731 = -q. Let z = -1 - q. What is the greatest common factor of 40 and z?
40
Suppose 10*c + 44 = 3*j + 9*c, -2*j = 2*c - 16. What is the highest common factor of j and 1?
1
Let p be 479/(-9580) - 355322/(-40). Calculate the highest common divisor of 189 and p.
189
Suppose 100*q - 79816 - 84484 = 0. What is the greatest common factor of 53 and q?
53
Let a = -555 - -554. Let o be -198*(a + (-2 + 2)*1). What is the greatest common factor of 36 and o?
18
Let s(g) = 3*g**2 - 7*g - 3. Let c be s(6). Let i = -31 